 -12 = 4*r - 4*i - 60. Suppose -x - 3*x + r = 0. Give d(x).
7
Let d(y) be the second derivative of -1/2*y**2 + 0 - 1/10*y**5 + 0*y**4 - 1/6*y**3 + y. Let l = 11 - 12. Calculate d(l).
2
Let n(o) = -3 - 1 + 2*o - 4*o + 0*o. Let j(k) = 11*k + 23. Suppose -4*w + 0*w - 24 = 0. Let m(c) = w*j(c) - 34*n(c). Determine m(2).
2
Suppose 0 = -158*v + 163*v + 55. Let s(u) = u**2 + 11*u. What is s(v)?
0
Let v(d) = 0*d + 4 - d - 3 + 6*d**2 + 0. Determine v(1).
6
Suppose 3*d + 3 = 4*d. Let j(s) be the second derivative of s - 2/3*s**d + 0 + s**2. Calculate j(2).
-6
Let b = -4 + 4. Suppose -2*p - 6 = -b*p. Let t(n) = n**3 + 4*n**2 + 4*n + 1. Determine t(p).
-2
Let o(p) = 7*p**2 - 12*p. Let r(g) = 9*g - 5*g**2 + 1 - 2 + 2*g - g**2. Let y(j) = -5*o(j) - 6*r(j). Give y(4).
-2
Suppose k - 3*k = -6. Let s(g) = 3*g - 16. Let d(x) = -2*x + 11. Let b(n) = 7*d(n) + 5*s(n). Calculate b(k).
0
Let p(v) = 9*v - 8. Let d(i) = -4 + i + 2 + 1. Let n(z) = -z**2 + 4*z + 4. Let x be n(5). Let q(r) = x*p(r) + 6*d(r). Determine q(2).
-4
Let d(p) = 3*p**3 + p + 1. Let z(a) = -7*a**3 - a**2 - 2*a - 3. Let c(x) = 9*d(x) + 4*z(x). Give c(-4).
-7
Let h(p) be the third derivative of -3*p**2 + 1/12*p**4 - 7/6*p**3 + 0 + 0*p. Give h(5).
3
Suppose z - 4 = 2*l, 0 = -3*l - 3*z + 22 - 10. Let i(s) = s**2 + s + 1. Calculate i(l).
1
Let p(d) = 14*d + 2. Let x be p(1). Let h = -21 + x. Let v(u) = u**2 + 4*u - 4. What is v(h)?
1
Let i(o) = o - 2. Let b be i(6). Suppose b*z + 4 = 6*z. Let f(d) be the third derivative of d**5/30 - d**4/8 + d**2. Calculate f(z).
2
Suppose -4*h + 12 = -h. Let f(i) = -i**3 + 3*i**2 + 2*i + 2. Calculate f(h).
-6
Let m(p) = 13 + 13 - 4*p - p**2 - 24. Suppose 0 = u - 3*u + 10. Suppose -12 - 8 = u*b. What is m(b)?
2
Let h(i) = -i**3 - i**2. Let b(f) = -6*f**3 - 9*f**2 + f + 4. Suppose -3 = 3*m - 0, 5*m = 4*n - 25. Let j(y) = n*h(y) - b(y). Let p = -11 - -7. Calculate j(p).
0
Let o(v) be the third derivative of v**7/1260 - v**5/30 - v**4/8 - v**2. Let y(p) be the second derivative of o(p). Give y(3).
14
Let v(y) = y + 2. Suppose 2*k - 5*g + 21 = 2, 29 = 3*k + 4*g. Calculate v(k).
5
Suppose 0*q - q - 5 = 0. Let y = 0 - q. Let g(n) = -n - n**3 + y*n - 3 - n - 3*n**2 + 2*n**2. Determine g(-3).
6
Let x(g) be the first derivative of -g**4/4 + 5*g**3/3 - 2*g + 44. Give x(4).
14
Let q(x) = -13*x**3 + x + 38*x**3 - 1 - 17*x**3. Suppose -3*p + 7*p = 4. Determine q(p).
8
Let p be (-9)/(-6)*24/9. Let m be (-5)/((-10)/p) + -7. Let c(f) = -f**3 - 5*f**2. Give c(m).
0
Suppose 0 = 2*o + 4 - 14. Suppose 3*l - o = b, 51 = 5*b + l + 3*l. Suppose 2*x + b = h, 5*h + 5*x - 3*x = 11. Let c(m) = -2*m - 3. Give c(h).
-9
Suppose 0 = 4*i - 46 - 6. Let o = -18 + i. Let m = -3 - o. Let j(g) = 3*g**2 - 3*g + 2. What is j(m)?
8
Let p(q) = -q**2 - 12*q + 1. Let s(k) = k**2 + 11*k. Let u(r) = -5*p(r) - 6*s(r). What is u(-5)?
0
Suppose 3*c = -3*n + 3, -2*c - 6 = 2*n + 2*n. Let x be 16/9 - n/18. Let o(t) = -t + 6*t**x - 1 + t. Calculate o(1).
5
Suppose 3*w = 4*y - 8, 2*w - 6 = y - 4*y. Let a(c) = 2*c - 1. Let b(t) = -3*t + 1. Let h(p) = 5*a(p) + 4*b(p). What is h(y)?
-5
Let b(n) = 7*n - 1 + 2*n**3 + 20*n**2 - 3*n**3 + 17*n**2 - 40*n**2. Calculate b(-5).
14
Let a(v) = 6*v - 2*v - 3*v + 2 + 0*v. What is a(6)?
8
Let o(z) = 9*z**2. Let i(f) = -f**3 + 4*f**2 + 2*f + 4. Let n be i(4). Let d = n + -11. Calculate o(d).
9
Let t(h) = -h**3 + 3*h**2 + 6*h - 13. Let r be t(3). Let y(z) be the second derivative of -3/2*z**2 + 1/3*z**3 + 0 - z. Calculate y(r).
7
Let o be (2 + (-4 - -3))*(-2)/(-8). Let k(j) be the third derivative of -o*j**4 + 0 - 2/3*j**3 + 1/120*j**6 + 0*j + 1/20*j**5 - j**2. Calculate k(-4).
4
Let m = 27 - 27. Let n(k) = k + 11. Calculate n(m).
11
Let x(r) = -3*r - 4. Let l(q) = 13*q + 17. Let o(c) = -2*l(c) - 9*x(c). Suppose -7*s + 48 = -3*s. Suppose 2*j + a + 3 - s = 0, -5*a = 3*j - 31. Calculate o(j).
4
Let c(l) be the first derivative of l**5/120 - l**4/6 + 8*l**3/3 + 3. Let g(f) be the third derivative of c(f). What is g(-3)?
-7
Suppose -2*p - 4 - 18 = 0. Let v(y) = -2*y - 13. What is v(p)?
9
Let f(t) = t**2 - 4*t + 4. Let r be (0 - (2 + -10))*(-1)/(-2). Give f(r).
4
Let l(t) = t**3 + 7*t**2 + 8*t - 6. Let c be l(-5). Let q(m) = m + 2. What is q(c)?
6
Let w(p) be the third derivative of 0 + 0*p + 1/60*p**5 + p**2 + 1/6*p**4 + 0*p**3. What is w(-5)?
5
Let t(g) = 2*g + 7. Let u(x) = 4*x + 16. Let j(k) = 7*t(k) - 3*u(k). Determine j(-2).
-3
Suppose -3*g + 12 = -2*q, 2*g + q - 12 = -4. Suppose -3*i - 4*u + 14 + 4 = 0, -g*u + 14 = i. Let c be i*2/(-12)*3. Let v(m) = -11*m**2 - 1. Determine v(c).
-12
Let d(l) = 4*l - l**3 - 5*l**2 - 7*l - l - 1. Give d(-4).
-1
Let f(i) be the first derivative of 2*i**2 + i + 8. What is f(3)?
13
Let a = 6 - 12. Let v(i) = -i**2. Let q(d) = -4*d**2 - 6*d + 4. Let w(r) = q(r) - 3*v(r). Give w(a).
4
Let d(w) = -w**3 + 6*w**2 - 2*w + 5. Suppose 0 = -5*t - a + 49, -4*t - 4*a + 43 - 7 = 0. Let i be 62/10 - 2/t. Calculate d(i).
-7
Let o(z) = z**3 - 5*z**2 + 8*z + 2. Let q(j) = j**3 - 5*j**2 + 9*j + 2. Let g(i) = 7*o(i) - 6*q(i). What is g(4)?
-6
Let i(j) = -j**2 + j + 1. Let k be i(-1). Let r(d) = 1. Let a(c) = c - 5. Let h(x) = k*a(x) - 3*r(x). Determine h(-3).
5
Let w(r) be the third derivative of 0*r + 1/20*r**5 + 4*r**2 + 1/120*r**6 + 0 + 1/12*r**4 - 2/3*r**3. Suppose -u - 9 = 3*a, u - 3*u - 12 = 3*a. What is w(u)?
-10
Let i(w) = -1 - 27*w + 6*w + 11*w + 8*w - 16*w**2. Determine i(-1).
-15
Let b(m) be the third derivative of -m**6/120 - m**5/10 - 7*m**4/24 - m**3/3 - 3*m**2. Let g = -22 - -17. Give b(g).
8
Suppose -2*o + 4*o - 8 = 0. Let y be 15/6 + (-2)/o. Let f(u) = u**3 - 2*u**2 + 2*u + 1. Give f(y).
5
Let g(a) = 10 + 2*a + 4*a - 4*a - 11 + 4*a**2. What is g(1)?
5
Let x(v) = v**3 - 2*v**2 - 3*v + 3. Let f be x(3). Let y(l) = -5 + 3*l**f + 5*l**3 + 2*l - 4*l**3 - 3*l**3 - 5*l**2. What is y(4)?
-13
Let v(q) = -31*q**2 - 4*q - 5. Suppose 7 + 18 = 5*i, 3*i = 3*c + 21. Let o(f) = -8*f**2 - f - 1. Let l(j) = c*v(j) + 9*o(j). Calculate l(1).
-10
Let f = -17 - -17. Let m(s) be the third derivative of f + 0*s - 1/60*s**5 + 1/8*s**4 + 2*s**2 - 2/3*s**3. Give m(3).
-4
Let z(t) be the third derivative of t**4/24 + 7*t**3/3 + 34*t**2. Calculate z(-9).
5
Let x(o) = -1 + 4*o + 2*o - 5*o - 9. What is x(9)?
-1
Let i(y) be the first derivative of 22*y**3/3 - y**2/2 - 53. Give i(1).
21
Let i(t) = t + 1. Suppose -5*j + 87 = -4*m - 15, 76 = -3*m + 4*j. Let u be (-1*2)/(m/(-98)). Calculate i(u).
-6
Let c(q) = -q**2 - 3*q - 2. Let p(k) = -3*k**2 + 2*k - 1. Let v be (-2 + 3)*(-3 - -4). Let w be p(v). Determine c(w).
0
Suppose 12 = -4*j + 3*a, -2*j + 4*a = -a + 6. Let x(w) be the third derivative of w**5/30 + 5*w**4/24 + 2*w**3/3 + 11*w**2. Give x(j).
7
Let j(z) = 7*z**2 + 8. Let g(f) = 5*f**2 + 5. Let h(x) = -8*g(x) + 5*j(x). Give h(-1).
-5
Let c(q) = q + 1. Let v be c(0). Let a(s) = -s**3 - 5*s**2 + 7. Let b(o) = -3*o**2 + 4. Let u(i) = 3*a(i) - 5*b(i). Determine u(v).
-2
Let n(v) = v**2 + 6*v + 6. Let f(z) = 4*z - 2. Let p be f(-1). Determine n(p).
6
Let i(d) be the third derivative of d**5/60 - d**4/3 + 5*d**3/3 - 10*d**2. Give i(8).
10
Let b = 45 + -39. Let r(y) = -y. Let s(i) = 8*i - 1 - 5 - i**2 - 21*i. Let w(v) = b*r(v) - s(v). Determine w(-5).
-4
Let o(m) = -m**3 - 5*m**2 - 6*m - 8. Let c be o(-4). Let z(p) = p**3 - 5*p**2. Let w be z(5). Let n(g) = 5 + 0 + w - g**2. Determine n(c).
5
Let h(g) = g - 5. Let k(d) = -d**3 + 2. Let r be k(2). What is h(r)?
-11
Let a(z) = -9*z - 3. Let c be 78/(-9)*(-12)/8. Let t(r) = -4*r - 1. Let m(n) = c*t(n) - 6*a(n). What is m(-5)?
-5
Let f(b) = -5*b**3 - 6. Let p(s) = -4*s**3 + s**2 + s - 5. Let l(o) = 5*f(o) - 6*p(o). Determine l(-4).
-8
Suppose 2*d - h + 2 = 0, 6*h = -3*d + 3*h - 21. Let o(c) = -c. Determine o(d).
3
Let b(j) be the first derivative of 3 + 0*j - 1/2*j**2. Let d be (-4)/(-10) - 54/10. Calculate b(d).
5
Let d(g) be the second derivative of -g**3/6 + 7*g**2/2 - 43*g. What is d(-7)?
14
Let b(h) be the second derivative of h**5/20 - h**4/6 - h**3/2 - 2*h. Suppose 2*v - 6 + 0 = 0. Determine b(v).
0
Let j(f) = -f**2 - 6*f - 4. Let a be j(-5). Let q = 4 + a. Suppose 3*r + 12 = -v, -q*v - 5*r = 9 + 11. Let o(d) = -d - 3. Calculate o(v).
-3
Let j(l) be the first derivative of -l**4/4 + l**3 + l**2/2 - 4*l - 3. Suppose 0 = c - 5*n, -4*c + 